{"id":131,"date":"2017-03-19T18:22:36","date_gmt":"2017-03-19T17:22:36","guid":{"rendered":"http:\/\/cl-tapissiere.com\/?page_id=131"},"modified":"2019-03-29T15:51:12","modified_gmt":"2019-03-29T14:51:12","slug":"petite-presentation","status":"publish","type":"page","link":"https:\/\/cl-tapissiere.com\/index.php\/petite-presentation\/","title":{"rendered":"Petite pr\u00e9sentation"},"content":{"rendered":"<p style=\"text-align: center;\"><div id=\"grid-gallery-26-53221\" data-gg-id=\"26\" data-title=\"accueil\" data-grid-type=\"1\" data-offset=\"0\" data-area-position=\"center\" data-icons=\"\" data-preloader=\"true\" data-width=\"215\" data-height=\"\" data-padding=\"0\" data-quicksand=\"disabled\" data-quicksand-duration=\"none\" data-popup-theme=\"theme_6\" data-popup-type=\"pretty-photo\" data-popup-image-text=\"data-caption\" data-popup-widthsize=\"auto\" data-popup-heightsize=\"auto\" data-popup-i18n-words=\"{&quot;close&quot;:&quot;fermer&quot;,&quot;next&quot;:&quot;suivant&quot;,&quot;previous&quot;:&quot;pr\\u00e9c\\u00e9dent&quot;,&quot;start_slideshow&quot;:&quot;d\\u00e9marrer le diaporama&quot;,&quot;stop_slideshow&quot;:&quot;arr\\u00e9ter le diaporama&quot;,&quot;image&quot;:&quot;image&quot;,&quot;of&quot;:&quot;de&quot;,&quot;prev&quot;:&quot;pr\\u00e9c.&quot;,&quot;cExpand&quot;:&quot;Agrandir&quot;,&quot;cPrevious&quot;:&quot;Pr\\u00e9c\\u00e9dent&quot;,&quot;cNext&quot;:&quot;Suivant&quot;,&quot;cExpandStr&quot;:&quot;Agrandir l&#039;image&quot;,&quot;cRotate&quot;:&quot;Pivoter&quot;,&quot;cDetails&quot;:&quot;Details&quot;}\" data-popup-slideshow=\"false\" data-popup-slideshow-speed=\"2500\" data-popup-hoverstop=\"true\" data-popup-slideshow-auto=\"false\" data-popup-background=\"\" data-popup-transparency=\"30\" data-popup-disable-history=\"\" data-popup-disable-changed-url=\"\" data-popup-border-type=\"solid\" data-popup-border-color=\"\" data-popup-border-width=\"\" data-popup-border-enable=\"\" data-fullscreen=\"false\" data-hide-tooltip=\"false\" data-caption-font-family=\"Default\" data-caption-text-size=\"140\" data-is-mobile=\"0\" data-caption-mobile=\"false\" data-hide-long-tltp-title=\"0\" data-caption-disabled-on-mobile=\"false\" data-popup-placement-type=\"0\" data-social-sharing=\"{&quot;enabled&quot;:&quot;&quot;,&quot;gallerySharing&quot;:{&quot;enabled&quot;:null,&quot;position&quot;:null},&quot;imageSharing&quot;:{&quot;enabled&quot;:null,&quot;wrapperClass&quot;:&quot; vertical &quot;},&quot;popupSharing&quot;:{&quot;enabled&quot;:null,&quot;wrapperClass&quot;:&quot; vertical &quot;}}\" class=\"grid-gallery grid-gallery-fluid-height \" style=\" width:100%; height:auto; margin-left:auto; margin-right:auto;position:relative;\"> <div class=\"gallery-loading\"> <div class=\"blocks\"> <div class=\"block\"><\/div> <div class=\"block\"><\/div> <div class=\"block\"><\/div> <div class=\"block\"><\/div> <\/div> <\/div> <div class=\"gallery-sharing-top\" style=\"display:none;\"> <\/div> <div id=\"photos-26\" class=\"grid-gallery-photos\"><FIGURE class=\"grid-gallery-caption\" data-grid-gallery-type=\"revolving-door-left\" data-index=\"0\" style=\"display:none;border-radius:00;; margin:0px; width:2150;\" ><div class=\"crop\" style=\"\"><img decoding=\"async\" src=\"http:\/\/cl-tapissiere.com\/wp-content\/uploads\/2016\/09\/DSC_6157-215x153.jpg\" class=\"ggImg\" alt=\"dsc_6157\" title=\"dsc_6157\" data-description=\"dsc_6157\" data-caption=\"dsc_6157\" data-title=\"dsc_6157\" style=\" width:215px;\" \/><\/div><FIGCAPTION class=\"\" data-alpha=\"5\" style=\"color:#ffffff; background-color:#0a076d; font-size:140; text-align:left; font-family:Default;\" ><div class=\"grid-gallery-figcaption-wrap\" style=\"\"><\/div><\/FIGCAPTION><\/FIGURE><FIGURE class=\"grid-gallery-caption\" data-grid-gallery-type=\"revolving-door-left\" data-index=\"1\" style=\"display:none;border-radius:00;; margin:0px; width:2150;\" ><div class=\"crop\" style=\"\"><img decoding=\"async\" src=\"http:\/\/cl-tapissiere.com\/wp-content\/uploads\/2017\/03\/IMG_9689-e1490205754925-215x323.jpg\" class=\"ggImg\" alt=\"IMG_9689\" title=\"IMG_9689\" data-description=\"IMG_9689\" data-caption=\"IMG_9689\" data-title=\"IMG_9689\" style=\" width:215px;\" \/><\/div><FIGCAPTION class=\"\" data-alpha=\"5\" style=\"color:#ffffff; background-color:#0a076d; font-size:140; text-align:left; font-family:Default;\" ><div class=\"grid-gallery-figcaption-wrap\" style=\"\"><\/div><\/FIGCAPTION><\/FIGURE><FIGURE class=\"grid-gallery-caption\" data-grid-gallery-type=\"revolving-door-left\" data-index=\"2\" style=\"display:none;border-radius:00;; margin:0px; width:2150;\" ><div class=\"crop\" style=\"\"><img decoding=\"async\" src=\"http:\/\/cl-tapissiere.com\/wp-content\/uploads\/2017\/04\/DSC_6405-e1492094318357-215x324.jpg\" class=\"ggImg\" alt=\"DSC_6405\" title=\"DSC_6405\" data-description=\"DSC_6405\" data-caption=\"DSC_6405\" data-title=\"DSC_6405\" style=\" width:215px;\" \/><\/div><FIGCAPTION class=\"\" data-alpha=\"5\" style=\"color:#ffffff; background-color:#0a076d; font-size:140; text-align:left; font-family:Default;\" ><div class=\"grid-gallery-figcaption-wrap\" style=\"\"><\/div><\/FIGCAPTION><\/FIGURE><FIGURE class=\"grid-gallery-caption\" data-grid-gallery-type=\"revolving-door-left\" data-index=\"3\" style=\"display:none;border-radius:00;; margin:0px; width:2150;\" ><div class=\"crop\" style=\"\"><img decoding=\"async\" src=\"http:\/\/cl-tapissiere.com\/wp-content\/uploads\/2017\/08\/DSC_6425-215x261.jpg\" class=\"ggImg\" alt=\"DSC_6425\" title=\"DSC_6425\" data-description=\"DSC_6425\" data-caption=\"DSC_6425\" data-title=\"DSC_6425\" style=\" width:215px;\" \/><\/div><FIGCAPTION class=\"\" data-alpha=\"5\" style=\"color:#ffffff; background-color:#0a076d; font-size:140; text-align:left; font-family:Default;\" ><div class=\"grid-gallery-figcaption-wrap\" style=\"\"><\/div><\/FIGCAPTION><\/FIGURE><FIGURE class=\"grid-gallery-caption\" data-grid-gallery-type=\"revolving-door-left\" data-index=\"4\" style=\"display:none;border-radius:00;; margin:0px; width:2150;\" ><div class=\"crop\" style=\"\"><img decoding=\"async\" src=\"http:\/\/cl-tapissiere.com\/wp-content\/uploads\/2017\/08\/IMG_9819-2-Copie-215x219.jpg\" class=\"ggImg\" alt=\"IMG_9819 (2) - Copie\" title=\"IMG_9819 (2) - Copie\" data-description=\"IMG_9819 (2) - Copie\" data-caption=\"IMG_9819 (2) - Copie\" data-title=\"IMG_9819 (2) - Copie\" style=\" width:215px;\" \/><\/div><FIGCAPTION class=\"\" data-alpha=\"5\" style=\"color:#ffffff; background-color:#0a076d; font-size:140; text-align:left; font-family:Default;\" ><div class=\"grid-gallery-figcaption-wrap\" style=\"\"><\/div><\/FIGCAPTION><\/FIGURE><FIGURE class=\"grid-gallery-caption\" data-grid-gallery-type=\"revolving-door-left\" data-index=\"5\" style=\"display:none;border-radius:00;; margin:0px; width:2150;\" ><div class=\"crop\" style=\"\"><img decoding=\"async\" src=\"http:\/\/cl-tapissiere.com\/wp-content\/uploads\/2017\/08\/chaiseem-215x323.jpg\" class=\"ggImg\" alt=\"chaiseem\" title=\"chaiseem\" data-description=\"chaiseem\" data-caption=\"chaiseem\" data-title=\"chaiseem\" style=\" width:215px;\" \/><\/div><FIGCAPTION class=\"\" data-alpha=\"5\" style=\"color:#ffffff; background-color:#0a076d; font-size:140; text-align:left; font-family:Default;\" ><div class=\"grid-gallery-figcaption-wrap\" style=\"\"><\/div><\/FIGCAPTION><\/FIGURE><FIGURE class=\"grid-gallery-caption\" data-grid-gallery-type=\"revolving-door-left\" data-index=\"6\" style=\"display:none;border-radius:00;; margin:0px; width:2150;\" ><div class=\"crop\" style=\"\"><img decoding=\"async\" src=\"http:\/\/cl-tapissiere.com\/wp-content\/uploads\/2017\/08\/IMG_9838-215x150.jpg\" class=\"ggImg\" alt=\"IMG_9838\" title=\"IMG_9838\" data-description=\"IMG_9838\" data-caption=\"IMG_9838\" data-title=\"IMG_9838\" style=\" width:215px;\" \/><\/div><FIGCAPTION class=\"\" data-alpha=\"5\" style=\"color:#ffffff; background-color:#0a076d; font-size:140; text-align:left; font-family:Default;\" ><div class=\"grid-gallery-figcaption-wrap\" style=\"\"><\/div><\/FIGCAPTION><\/FIGURE><FIGURE class=\"grid-gallery-caption\" data-grid-gallery-type=\"revolving-door-left\" data-index=\"7\" style=\"display:none;border-radius:00;; margin:0px; width:2150;\" ><div class=\"crop\" style=\"\"><img decoding=\"async\" src=\"http:\/\/cl-tapissiere.com\/wp-content\/uploads\/2017\/11\/duo-essence-def-215x286.jpg\" class=\"ggImg\" alt=\"nor\" title=\"nor\" data-description=\"nor\" data-caption=\"nor\" data-title=\"nor\" style=\" width:215px;\" \/><\/div><FIGCAPTION class=\"\" data-alpha=\"5\" style=\"color:#ffffff; background-color:#0a076d; font-size:140; text-align:left; font-family:Default;\" ><div class=\"grid-gallery-figcaption-wrap\" style=\"\"><\/div><\/FIGCAPTION><\/FIGURE><FIGURE class=\"grid-gallery-caption\" data-grid-gallery-type=\"revolving-door-left\" data-index=\"8\" style=\"display:none;border-radius:00;; margin:0px; width:2150;\" ><div class=\"crop\" style=\"\"><img decoding=\"async\" src=\"http:\/\/cl-tapissiere.com\/wp-content\/uploads\/2017\/11\/mama80.jpg\" class=\"ggImg\" alt=\"mama80\" title=\"mama80\" data-description=\"mama80\" data-caption=\"mama80\" data-title=\"mama80\" style=\" width:215px;\" \/><\/div><FIGCAPTION class=\"\" data-alpha=\"5\" style=\"color:#ffffff; background-color:#0a076d; font-size:140; text-align:left; font-family:Default;\" ><div class=\"grid-gallery-figcaption-wrap\" style=\"\"><\/div><\/FIGCAPTION><\/FIGURE><FIGURE class=\"grid-gallery-caption\" data-grid-gallery-type=\"revolving-door-left\" data-index=\"9\" style=\"display:none;border-radius:00;; margin:0px; width:2150;\" ><div class=\"crop\" style=\"\"><img decoding=\"async\" src=\"http:\/\/cl-tapissiere.com\/wp-content\/uploads\/2017\/12\/chauffcrap2-215x215.jpg\" class=\"ggImg\" alt=\"chauffcrap2\" title=\"chauffcrap2\" data-description=\"chauffcrap2\" data-caption=\"chauffcrap2\" data-title=\"chauffcrap2\" style=\" width:215px;\" \/><\/div><FIGCAPTION class=\"\" data-alpha=\"5\" style=\"color:#ffffff; background-color:#0a076d; font-size:140; text-align:left; font-family:Default;\" ><div class=\"grid-gallery-figcaption-wrap\" style=\"\"><\/div><\/FIGCAPTION><\/FIGURE><FIGURE class=\"grid-gallery-caption\" data-grid-gallery-type=\"revolving-door-left\" data-index=\"10\" style=\"display:none;border-radius:00;; margin:0px; width:2150;\" ><div class=\"crop\" style=\"\"><img decoding=\"async\" src=\"http:\/\/cl-tapissiere.com\/wp-content\/uploads\/2017\/12\/canap\u00e9-en-cours8-215x287.jpg\" class=\"ggImg\" alt=\"dav\" title=\"dav\" data-description=\"dav\" data-caption=\"dav\" data-title=\"dav\" style=\" width:215px;\" \/><\/div><FIGCAPTION class=\"\" data-alpha=\"5\" style=\"color:#ffffff; background-color:#0a076d; font-size:140; text-align:left; font-family:Default;\" ><div class=\"grid-gallery-figcaption-wrap\" style=\"\"><\/div><\/FIGCAPTION><\/FIGURE><FIGURE class=\"grid-gallery-caption\" data-grid-gallery-type=\"revolving-door-left\" data-index=\"11\" style=\"display:none;border-radius:00;; margin:0px; width:2150;\" ><div class=\"crop\" style=\"\"><img decoding=\"async\" src=\"http:\/\/cl-tapissiere.com\/wp-content\/uploads\/2018\/03\/voltaire2-215x287.jpg\" class=\"ggImg\" alt=\"bty\" title=\"bty\" data-description=\"bty\" data-caption=\"bty\" data-title=\"bty\" style=\" width:215px;\" \/><\/div><FIGCAPTION class=\"\" data-alpha=\"5\" style=\"color:#ffffff; background-color:#0a076d; font-size:140; text-align:left; font-family:Default;\" ><div class=\"grid-gallery-figcaption-wrap\" style=\"\"><\/div><\/FIGCAPTION><\/FIGURE><FIGURE class=\"grid-gallery-caption\" data-grid-gallery-type=\"revolving-door-left\" data-index=\"12\" style=\"display:none;border-radius:00;; margin:0px; width:2150;\" ><div class=\"crop\" style=\"\"><img decoding=\"async\" src=\"http:\/\/cl-tapissiere.com\/wp-content\/uploads\/2018\/03\/IMG_20180201_120924-2-215x237.jpg\" class=\"ggImg\" alt=\"nor\" title=\"nor\" data-description=\"nor\" data-caption=\"nor\" data-title=\"nor\" style=\" width:215px;\" \/><\/div><FIGCAPTION class=\"\" data-alpha=\"5\" style=\"color:#ffffff; background-color:#0a076d; font-size:140; text-align:left; font-family:Default;\" ><div class=\"grid-gallery-figcaption-wrap\" style=\"\"><\/div><\/FIGCAPTION><\/FIGURE><FIGURE class=\"grid-gallery-caption\" data-grid-gallery-type=\"revolving-door-left\" data-index=\"13\" style=\"display:none;border-radius:00;; margin:0px; width:2150;\" ><div class=\"crop\" style=\"\"><img decoding=\"async\" src=\"http:\/\/cl-tapissiere.com\/wp-content\/uploads\/2018\/03\/fauteuilvert3-215x280.jpg\" class=\"ggImg\" alt=\"bty\" title=\"bty\" data-description=\"bty\" data-caption=\"bty\" data-title=\"bty\" style=\" width:215px;\" \/><\/div><FIGCAPTION class=\"\" data-alpha=\"5\" style=\"color:#ffffff; background-color:#0a076d; font-size:140; text-align:left; font-family:Default;\" ><div class=\"grid-gallery-figcaption-wrap\" style=\"\"><\/div><\/FIGCAPTION><\/FIGURE><FIGURE class=\"grid-gallery-caption\" data-grid-gallery-type=\"revolving-door-left\" data-index=\"14\" style=\"display:none;border-radius:00;; margin:0px; width:2150;\" ><div class=\"crop\" style=\"\"><img decoding=\"async\" src=\"http:\/\/cl-tapissiere.com\/wp-content\/uploads\/2018\/05\/IMG_20180426_094918-2-215x330.jpg\" class=\"ggImg\" alt=\"bty\" title=\"bty\" data-description=\"bty\" data-caption=\"bty\" data-title=\"bty\" style=\" width:215px;\" \/><\/div><FIGCAPTION class=\"\" data-alpha=\"5\" style=\"color:#ffffff; background-color:#0a076d; font-size:140; text-align:left; font-family:Default;\" ><div class=\"grid-gallery-figcaption-wrap\" style=\"\"><\/div><\/FIGCAPTION><\/FIGURE><FIGURE class=\"grid-gallery-caption\" data-grid-gallery-type=\"revolving-door-left\" data-index=\"15\" style=\"display:none;border-radius:00;; margin:0px; width:2150;\" ><div class=\"crop\" style=\"\"><img decoding=\"async\" src=\"http:\/\/cl-tapissiere.com\/wp-content\/uploads\/2018\/05\/IMG_20180307_155314_011-215x215.jpg\" class=\"ggImg\" alt=\"IMG_20180307_155314_011\" title=\"IMG_20180307_155314_011\" data-description=\"IMG_20180307_155314_011\" data-caption=\"IMG_20180307_155314_011\" data-title=\"IMG_20180307_155314_011\" style=\" width:215px;\" \/><\/div><FIGCAPTION class=\"\" data-alpha=\"5\" style=\"color:#ffffff; background-color:#0a076d; font-size:140; text-align:left; font-family:Default;\" ><div class=\"grid-gallery-figcaption-wrap\" style=\"\"><\/div><\/FIGCAPTION><\/FIGURE><FIGURE class=\"grid-gallery-caption\" data-grid-gallery-type=\"revolving-door-left\" data-index=\"16\" style=\"display:none;border-radius:00;; margin:0px; width:2150;\" ><div class=\"crop\" style=\"\"><img decoding=\"async\" src=\"http:\/\/cl-tapissiere.com\/wp-content\/uploads\/2018\/05\/IMG_20180309_183241-2-215x287.jpg\" class=\"ggImg\" alt=\"edf\" title=\"edf\" data-description=\"edf\" data-caption=\"edf\" data-title=\"edf\" style=\" width:215px;\" \/><\/div><FIGCAPTION class=\"\" data-alpha=\"5\" style=\"color:#ffffff; background-color:#0a076d; font-size:140; text-align:left; font-family:Default;\" ><div class=\"grid-gallery-figcaption-wrap\" style=\"\"><\/div><\/FIGCAPTION><\/FIGURE><FIGURE class=\"grid-gallery-caption\" data-grid-gallery-type=\"revolving-door-left\" data-index=\"17\" style=\"display:none;border-radius:00;; margin:0px; width:2150;\" ><div class=\"crop\" style=\"\"><img decoding=\"async\" src=\"http:\/\/cl-tapissiere.com\/wp-content\/uploads\/2018\/06\/IMG_20180621_163247-215x287.jpg\" class=\"ggImg\" alt=\"\" title=\"\" data-description=\"\" data-caption=\"\" data-title=\"\" style=\" width:215px;\" \/><\/div><FIGCAPTION class=\"\" data-alpha=\"5\" style=\"color:#ffffff; background-color:#0a076d; font-size:140; text-align:left; font-family:Default;\" ><div class=\"grid-gallery-figcaption-wrap\" style=\"\"><\/div><\/FIGCAPTION><\/FIGURE><FIGURE class=\"grid-gallery-caption\" data-grid-gallery-type=\"revolving-door-left\" data-index=\"18\" style=\"display:none;border-radius:00;; margin:0px; width:2150;\" ><div class=\"crop\" style=\"\"><img decoding=\"async\" src=\"http:\/\/cl-tapissiere.com\/wp-content\/uploads\/2018\/06\/IMG_20180524_165521-215x287.jpg\" class=\"ggImg\" alt=\"\" title=\"\" data-description=\"\" data-caption=\"\" data-title=\"\" style=\" width:215px;\" \/><\/div><FIGCAPTION class=\"\" data-alpha=\"5\" style=\"color:#ffffff; background-color:#0a076d; font-size:140; text-align:left; font-family:Default;\" ><div class=\"grid-gallery-figcaption-wrap\" style=\"\"><\/div><\/FIGCAPTION><\/FIGURE><FIGURE class=\"grid-gallery-caption\" data-grid-gallery-type=\"revolving-door-left\" data-index=\"19\" style=\"display:none;border-radius:00;; margin:0px; width:2150;\" ><div class=\"crop\" style=\"\"><img decoding=\"async\" src=\"http:\/\/cl-tapissiere.com\/wp-content\/uploads\/2018\/05\/IMG_20180405_161810-2-215x287.jpg\" class=\"ggImg\" alt=\"nor\" title=\"nor\" data-description=\"nor\" data-caption=\"nor\" data-title=\"nor\" style=\" width:215px;\" \/><\/div><FIGCAPTION class=\"\" data-alpha=\"5\" style=\"color:#ffffff; background-color:#0a076d; font-size:140; text-align:left; font-family:Default;\" ><div class=\"grid-gallery-figcaption-wrap\" style=\"\"><\/div><\/FIGCAPTION><\/FIGURE><FIGURE class=\"grid-gallery-caption\" data-grid-gallery-type=\"revolving-door-left\" data-index=\"20\" style=\"display:none;border-radius:00;; margin:0px; width:2150;\" ><div class=\"crop\" style=\"\"><img decoding=\"async\" src=\"http:\/\/cl-tapissiere.com\/wp-content\/uploads\/2018\/05\/IMG_20180426_095036-2-215x287.jpg\" class=\"ggImg\" alt=\"bty\" title=\"bty\" data-description=\"bty\" data-caption=\"bty\" data-title=\"bty\" style=\" width:215px;\" \/><\/div><FIGCAPTION class=\"\" data-alpha=\"5\" style=\"color:#ffffff; background-color:#0a076d; font-size:140; text-align:left; font-family:Default;\" ><div class=\"grid-gallery-figcaption-wrap\" style=\"\"><\/div><\/FIGCAPTION><\/FIGURE> <div class=\"grid-gallery-clearfix\"><\/div> <\/div> <div class=\"gallery-sharing-bottom\" style=\"display:none;\"> <\/div> <div class=\"gallery-sharing-image\" style=\"display:none;\"> <\/div> <div class=\"gallery-sharing-popup\" style=\"display:none;\"> <\/div> <div class=\"grid-gallery-clearfix\"><\/div> <\/div> <!-- Gallery by Supsystic plugin1.15.24 --><a title=\"Gallery Wordpress\" style=\"display:none;\" href=\"https:\/\/supsystic.com\/plugins\/photo-gallery\/?utm_medium=love_link\" target=\"_blank\">Gallery Wordpress<\/a><\/p>\n<p style=\"text-align: center;\">Tapissier d\u00e9corateur\/d&rsquo;ameublement dipl\u00f4m\u00e9e, exp\u00e9riment\u00e9e et passionn\u00e9e, je donne un second souffle \u00e0 vos fauteuils\/chaises\/canap\u00e9s\/m\u00e9ridiennes&#8230; De ceux pr\u00e9sents dans vos familles depuis plusieurs g\u00e9n\u00e9rations \u00e0 ceux chin\u00e9s aux d\u00e9tours de balades&#8230; Soigneusement, je recherche les tissus, couleurs, motifs qui si\u00e9ent le mieux \u00e0 vos caract\u00e8res, \u00e0 vos go\u00fbts et \u00e0 vos int\u00e9rieurs.<\/p>\n<p style=\"text-align: center;\">Mon atelier de tapissier d\u00e9corateur est situ\u00e9 au pont des Demoiselles, au sein d\u2019un collectif d\u2019artistes et d&rsquo;artisans.<\/p>\n<p style=\"text-align: center;\">Pour mes cr\u00e9ations, je chine un peu partout toutes sortes de mobiliers en majorit\u00e9s d\u2019inspiration scandinave, ann\u00e9es 50\/60\/70. Je suis f\u00e9rue de vides greniers, brocantes et Emma\u00fcs est ma 2\u00e8me maison! Je r\u00e9cup\u00e8re, restaure, d\u00e9cape et remets en vente des fauteuils vintages.<\/p>\n<p style=\"text-align: center;\">Obnubil\u00e9e par la couleur, les lignes g\u00e9om\u00e9triques et leurs assemblages, les petits triangles cach\u00e9s ou visibles sur mes cr\u00e9ations deviennent vite ma signature. Mixer les mati\u00e8res et les diff\u00e9rents tissus sont comme un jeu pour moi.<\/p>\n<p style=\"text-align: center;\">Chaque jour, dans mon petit atelier, j&rsquo;enrichis mes connaissances. Les fauteuils sont tellement diff\u00e9rents! J&rsquo;ai un go\u00fbt prononcer pour le savoir faire traditionnel mais je me r\u00e9jouis de chercher sans cesse de nouvelles techniques plus contemporaines. Du fauteuil ancien au contemporain, tout est possible! Je travaille le crin comme la mousse en fonction de votre choix et du fauteuil.<\/p>\n<p style=\"text-align: center;\">Plut\u00f4t attir\u00e9e par les bleus et les verts, j\u2019aime particuli\u00e8rement les contrastes de compl\u00e9mentarit\u00e9s.<\/p>\n<p style=\"text-align: center;\">Dans une maison\/appartement, je pr\u00e9f\u00e8re le sobre pour les murs et la couleur pour les fauteuils\/chaises\/canap\u00e9s\u2026 Dans mon id\u00e9al, fauteuils, canap\u00e9s ou autres sont les pi\u00e8ces ma\u00eetresses de la d\u00e9coration d\u2019une pi\u00e8ce. Ils d\u00e9tendent nos dos et nos post\u00e9rieurs, nous leurs devons bien \u00e7a\u00a0!<\/p>\n<p style=\"text-align: center;\">Une multitude de tissus de toutes les mati\u00e8res vous seront propos\u00e9s.<\/p>\n<p style=\"text-align: center;\">Je suis \u00e0 votre \u00e9coute et ensemble, nous pouvons d\u00e9finir ce qui vous ira le mieux.<\/p>\n<p style=\"text-align: center;\">J&rsquo;exerce mon m\u00e9tier de tapissier d\u00e9corateur entre la Haute Garonne, l&rsquo;Ari\u00e8ge et l&rsquo;Aude.<\/p>\n<p style=\"text-align: center;\">\n","protected":false},"excerpt":{"rendered":"<p>Tapissier d\u00e9corateur\/d&rsquo;ameublement dipl\u00f4m\u00e9e, exp\u00e9riment\u00e9e et passionn\u00e9e, je donne un second souffle \u00e0 vos fauteuils\/chaises\/canap\u00e9s\/m\u00e9ridiennes&#8230; De ceux pr\u00e9sents dans vos familles depuis plusieurs g\u00e9n\u00e9rations \u00e0 ceux chin\u00e9s aux d\u00e9tours de balades&#8230; Soigneusement, je recherche les tissus, couleurs, motifs qui si\u00e9ent le mieux \u00e0 vos caract\u00e8res, \u00e0 vos go\u00fbts et \u00e0 vos int\u00e9rieurs. Mon atelier de tapissier [&hellip;]<\/p>\n","protected":false},"author":1,"featured_media":0,"parent":0,"menu_order":0,"comment_status":"closed","ping_status":"closed","template":"","meta":{"footnotes":""},"class_list":["post-131","page","type-page","status-publish","entry"],"_links":{"self":[{"href":"https:\/\/cl-tapissiere.com\/index.php\/wp-json\/wp\/v2\/pages\/131","targetHints":{"allow":["GET"]}}],"collection":[{"href":"https:\/\/cl-tapissiere.com\/index.php\/wp-json\/wp\/v2\/pages"}],"about":[{"href":"https:\/\/cl-tapissiere.com\/index.php\/wp-json\/wp\/v2\/types\/page"}],"author":[{"embeddable":true,"href":"https:\/\/cl-tapissiere.com\/index.php\/wp-json\/wp\/v2\/users\/1"}],"replies":[{"embeddable":true,"href":"https:\/\/cl-tapissiere.com\/index.php\/wp-json\/wp\/v2\/comments?post=131"}],"version-history":[{"count":18,"href":"https:\/\/cl-tapissiere.com\/index.php\/wp-json\/wp\/v2\/pages\/131\/revisions"}],"predecessor-version":[{"id":837,"href":"https:\/\/cl-tapissiere.com\/index.php\/wp-json\/wp\/v2\/pages\/131\/revisions\/837"}],"wp:attachment":[{"href":"https:\/\/cl-tapissiere.com\/index.php\/wp-json\/wp\/v2\/media?parent=131"}],"curies":[{"name":"wp","href":"https:\/\/api.w.org\/{rel}","templated":true}]}}