{"id":1193,"date":"2024-06-28T13:58:42","date_gmt":"2024-06-28T11:58:42","guid":{"rendered":"https:\/\/cl-tapissiere.com\/?page_id=1193"},"modified":"2024-06-28T14:14:35","modified_gmt":"2024-06-28T12:14:35","slug":"1193-2","status":"publish","type":"page","link":"https:\/\/cl-tapissiere.com\/index.php\/1193-2\/","title":{"rendered":"A PROPOS"},"content":{"rendered":"\n<figure class=\"wp-block-gallery has-nested-images columns-default is-cropped wp-block-gallery-1 is-layout-flex wp-block-gallery-is-layout-flex\">\n<figure class=\"wp-block-image size-large\"><img loading=\"lazy\" decoding=\"async\" width=\"700\" height=\"467\" data-id=\"931\" src=\"https:\/\/cl-tapissiere.com\/wp-content\/uploads\/2019\/04\/Elitis_LR_121_45_YD-40-1-700x467.jpg\" alt=\"\" class=\"wp-image-931\" srcset=\"https:\/\/cl-tapissiere.com\/wp-content\/uploads\/2019\/04\/Elitis_LR_121_45_YD-40-1-700x467.jpg 700w, https:\/\/cl-tapissiere.com\/wp-content\/uploads\/2019\/04\/Elitis_LR_121_45_YD-40-1-300x200.jpg 300w, https:\/\/cl-tapissiere.com\/wp-content\/uploads\/2019\/04\/Elitis_LR_121_45_YD-40-1-768x512.jpg 768w\" sizes=\"auto, (max-width: 700px) 100vw, 700px\" \/><\/figure>\n<\/figure>\n\n\n\n<p class=\"has-text-align-center\">Tapissier d\u00e9corateur dipl\u00f4m\u00e9e et exp\u00e9riment\u00e9e, je r\u00e9nove avec soin vos fauteuils, canap\u00e9s, chaises&#8230; Nouveaux arrivants ou dans vos familles depuis plusieurs g\u00e9n\u00e9rations, je les restaure de mani\u00e8re traditionnelle (crin) ou contemporaine (mousse) en fonction de vos envies. Soigneusement, je recherche les tissus, couleurs, motifs, mati\u00e8res qui si\u00e9ent le mieux \u00e0 vos caract\u00e8res et \u00e0 vos go\u00fbts.<\/p>\n\n\n\n<p class=\"has-text-align-center\">Je cr\u00e9e \u00e9galement des banquettes,matelas, poufs sur mesure et des coussins d\u00e9coratifs de toutes sortes. Projets d&rsquo;architectes, d\u00e9corateurs d&rsquo;int\u00e9rieur pour des restaurants, entreprises ou des particuliers.<\/p>\n\n\n\n<p>Je rhabille \u00e0 l&rsquo;identique tous vos modules Togo de Michel Ducaroy chez Ligne Roset. N&rsquo;h\u00e9sitez pas \u00e0 me contacter pour plus de d\u00e9tails. <\/p>\n\n\n\n<p class=\"has-text-align-center\">Obnubil\u00e9e par la couleur, les lignes g\u00e9om\u00e9triques et leurs assemblages, les petits triangles cach\u00e9s ou visibles sur mes cr\u00e9ations, deviennent vite ma signature. Mixer les mati\u00e8res et les diff\u00e9rents tissus sont comme un jeu pour moi.<\/p>\n\n\n\n<p class=\"has-text-align-center\">Dans une maison\/appartement, je pr\u00e9f\u00e8re le sobre pour les murs et la couleur pour les fauteuils\/chaises\/canap\u00e9s\u2026 Dans mon id\u00e9al, le fauteuil, canap\u00e9 ou autre est la pi\u00e8ce ma\u00eetresse de la d\u00e9coration d\u2019un int\u00e9rieur. Il d\u00e9tend nos dos et nos post\u00e9rieurs, nous lui devons bien \u00e7a!<\/p>\n\n\n\n<div class=\"wp-block-group\"><div class=\"wp-block-group__inner-container is-layout-constrained wp-block-group-is-layout-constrained\"><\/div><\/div>\n","protected":false},"excerpt":{"rendered":"<p>Tapissier d\u00e9corateur dipl\u00f4m\u00e9e et exp\u00e9riment\u00e9e, je r\u00e9nove avec soin vos fauteuils, canap\u00e9s, chaises&#8230; Nouveaux arrivants ou dans vos familles depuis plusieurs g\u00e9n\u00e9rations, je les restaure de mani\u00e8re traditionnelle (crin) ou contemporaine (mousse) en fonction de vos envies. Soigneusement, je recherche les tissus, couleurs, motifs, mati\u00e8res qui si\u00e9ent le mieux \u00e0 vos caract\u00e8res et \u00e0 vos [&hellip;]<\/p>\n","protected":false},"author":1,"featured_media":0,"parent":0,"menu_order":0,"comment_status":"closed","ping_status":"closed","template":"","meta":{"footnotes":""},"class_list":["post-1193","page","type-page","status-publish","entry"],"_links":{"self":[{"href":"https:\/\/cl-tapissiere.com\/index.php\/wp-json\/wp\/v2\/pages\/1193","targetHints":{"allow":["GET"]}}],"collection":[{"href":"https:\/\/cl-tapissiere.com\/index.php\/wp-json\/wp\/v2\/pages"}],"about":[{"href":"https:\/\/cl-tapissiere.com\/index.php\/wp-json\/wp\/v2\/types\/page"}],"author":[{"embeddable":true,"href":"https:\/\/cl-tapissiere.com\/index.php\/wp-json\/wp\/v2\/users\/1"}],"replies":[{"embeddable":true,"href":"https:\/\/cl-tapissiere.com\/index.php\/wp-json\/wp\/v2\/comments?post=1193"}],"version-history":[{"count":5,"href":"https:\/\/cl-tapissiere.com\/index.php\/wp-json\/wp\/v2\/pages\/1193\/revisions"}],"predecessor-version":[{"id":1201,"href":"https:\/\/cl-tapissiere.com\/index.php\/wp-json\/wp\/v2\/pages\/1193\/revisions\/1201"}],"wp:attachment":[{"href":"https:\/\/cl-tapissiere.com\/index.php\/wp-json\/wp\/v2\/media?parent=1193"}],"curies":[{"name":"wp","href":"https:\/\/api.w.org\/{rel}","templated":true}]}}